rd derivative of y**5/60 - y**3/3 + 6*y**2. Let j be n(-2). Suppose -3*l = j*z - 56, 2*z + 5 = 5*l - 67. What are the prime factors of l?
2
List the prime factors of -3*11614/(-6) + (-5 - -12).
2, 3, 17, 19
Suppose -22*c + 16*c + 72 = 0. Suppose -2*k + 2*n + 302 = k, c = -3*n. List the prime factors of k.
2, 7
Suppose -3*t = -4*i - 51, 3*i + 0 + 9 = 0. Suppose 4*l + t = -3. What are the prime factors of (-3 - 5)*10/l?
2, 5
Suppose -4*l + 756 = -4*t - 0*t, 939 = 5*l - 3*t. Suppose -x - l = -2*p - 3*x, -2*p - 5*x = -195. List the prime factors of p.
2, 3, 5
Let i(d) = -d**2 - 7*d - 10. Let g be i(-5). What are the prime factors of 116 - 0/(0 - 1 - g)?
2, 29
Let n(h) be the second derivative of -h**4/12 + 7*h**3/3 + 7*h**2/2 - h. Let w be n(9). Suppose w + 29 = 3*t. What are the prime factors of t?
3
Suppose 6*b - 139 = 95. List the prime factors of 1632/b - 2/(-13).
2, 3, 7
List the prime factors of 5646/10 + 4/10 + 1.
2, 283
Let g(h) = h**2 + h + 136. Let s be -4 - (48/3)/(-4). Let l be g(s). Let d = 190 - l. What are the prime factors of d?
2, 3
Let m = 1942 - 1222. List the prime factors of m.
2, 3, 5
Suppose 0 = 55*z - 54*z - 302. Suppose -16 + z = k. List the prime factors of k.
2, 11, 13
Let w = -995 + 998. List the prime factors of w.
3
Suppose n + 4 = 6. Suppose -i = 2*s - 159, 2*i - 316 = -5*s + n*s. List the prime factors of i.
5, 31
Suppose 0 = -s + 2*t - 9, 4*t - 5*t = -4. What are the prime factors of (-2)/(-12) - s*635/6?
2, 53
Let u(r) be the second derivative of 11*r**3/3 - 10*r. What are the prime factors of u(11)?
2, 11
What are the prime factors of 37056/28 - 3/((-63)/12)?
2, 331
Suppose 1289 = 5*g - 5*n + 224, -3*n = 5*g - 1065. Let i = 357 - g. List the prime factors of i.
2, 3
Let c = -11 - -13. Suppose o + o + c*m = 374, -5*m = 25. List the prime factors of o.
2, 3
Let z(p) = -173*p + 110. What are the prime factors of z(-8)?
2, 3, 83
Let a(c) = 6*c**3 - 6*c**2 - 19*c + 1. List the prime factors of a(6).
967
Suppose 5*r + h - 12 = 2*r, 4*r + 2*h = 14. Let l(f) = -4*f**2 - r*f**3 - 11*f + 9*f - 3*f**3. What are the prime factors of l(-2)?
2, 13
Let l(r) = r**3 + 8*r**2 + 3*r + 12. Let i be l(-8). Let o = i - -16. Suppose -3*k = -4*b + o, 3*k - 2*b = 2 + 2. What are the prime factors of k?
2
Suppose -181 = -5*q + 44. Suppose 51 - 5 = 2*i. Let m = q - i. List the prime factors of m.
2, 11
Let j(c) = 4*c**2 - 11*c + 2. Let b be j(3). List the prime factors of 4 + (b - 10/(-5)).
11
Let u(q) = q**2 - 10*q - 30. What are the prime factors of u(-5)?
3, 5
Suppose -10*o + 7403 = o. What are the prime factors of o?
673
Suppose -242*m = -252*m + 1540. What are the prime factors of m?
2, 7, 11
Let y = 36 - 31. Suppose 0 = -2*z + y*n - 13, 2*n - 6 = 3*z - n. List the prime factors of -55*(3 + (z - 5)).
5, 11
Suppose -4*g + 7 = -3*s, s - 21 - 2 = -5*g. Suppose 152 = g*n - 84. What are the prime factors of n?
59
Suppose 2*j - 294 = 2*g + 1708, -5*g + 5 = 0. List the prime factors of j.
2, 3, 167
Suppose -7*i - 20 = -2*i. Let c(v) = -2*v - 6. Let o be c(i). Suppose -54 = o*d - 4*d. What are the prime factors of d?
3
Let z(v) = -v**2 + 10*v - 15. Let g be z(7). Let d be ((-30)/1)/(g/8). Let s = d + 66. List the prime factors of s.
2, 13
Let l(f) = -3*f - 19. List the prime factors of l(-7).
2
Let h(k) = -k**3 - 12*k**2 - 6*k + 18. Let q be h(-14). Suppose 0*i + 490 = 2*i + 3*n, 2*i = -2*n + q. List the prime factors of i.
251
Suppose 0 = 2*r + 3*w - 15, 2*r = -2*r + 3*w + 3. Let o(p) = 6*p**2 + 5*p + 3. List the prime factors of o(r).
2, 3
Let c(u) = 7*u**2 - 1 + 1 - 5*u - 1. Suppose -25 = -5*f + 3*d, -2*f + 6*d - 8*d - 6 = 0. What are the prime factors of c(f)?
17
Let p(a) = -5*a**3 - 12*a**2 - 29*a + 3. What are the prime factors of p(-7)?
31, 43
Let j(l) = 14*l + 18*l - 23*l - 1 + 5. What are the prime factors of j(3)?
31
Let r(i) = 23 - 21*i**2 - 15*i - 24*i**2 + 44*i**2. List the prime factors of r(-13).
7
Suppose -5*g = -3*g - 2*m + 8, 0 = -g + 2*m. Let a(d) = -11*d - 43. What are the prime factors of a(g)?
3, 5
Let l = 2 + -6. List the prime factors of ((-120)/(-32))/((-1)/l).
3, 5
Suppose 32*j = 4966 + 11386. What are the prime factors of j?
7, 73
Suppose -4*v + 1314 = -254. List the prime factors of v.
2, 7
Suppose -2*k + 2*y = 0, -4*y + 5 = -3. Let q be (-4)/(-2) + -3 - (8 - -17). What are the prime factors of (-1 + k)*0 - q?
2, 13
Suppose 0 = -3*v + g + 11865, g - 9355 - 10428 = -5*v. List the prime factors of v.
2, 23, 43
Let x be (-19)/(-133) + (-41)/(-7). Let i be x + -6 + 4*1. Suppose -54 = -3*j + j + 3*b, 0 = -i*j + 4*b + 100. List the prime factors of j.
3, 7
Let h = -430 + 688. List the prime factors of h.
2, 3, 43
Suppose -7*f + 15 = -4*f. Let x(n) = n + 21. What are the prime factors of x(f)?
2, 13
Let i(s) = 2*s - 13. Let l be i(9). Let u = -1 + l. Suppose u*w = -20, -58 = -2*y - y + 5*w. What are the prime factors of y?
11
Let i(z) = z**3 + 2*z**2 + z + 12. Let c(r) = -3*r**3 - 3*r**2 - 2*r - 25. Let n(p) = 2*c(p) + 5*i(p). Let h be n(5). List the prime factors of 1 - 6*h - -4.
5, 13
Let u(c) = c**2 + 7*c + 6. Let q be u(-6). Suppose 5*a - 7*a + 54 = q. What are the prime factors of a?
3
Suppose 6*a = 2*u + 2*a - 22, -26 = -4*u + 2*a. Suppose 4*t - 15 = 417. Suppose t = -u*l + 9*l. List the prime factors of l.
3
Suppose -s + 3*s + 5660 = -i, -5*i = 2*s + 28300. What are the prime factors of (-4)/18 + i/(-36)?
157
Suppose -3*h - 2*v = -22, 3*v - 18 = -5*h + 19. Let p be (12/8)/((-2)/h). Let t(c) = c**3 + 7*c**2 + 5*c + 9. What are the prime factors of t(p)?
3, 5
Let m(c) = -21*c**2 + c + 1. Let o be m(-1). Let s = 80 + o. List the prime factors of s.
59
Suppose 0 = 3*f - 4*o - 4783, 10*o - 4775 = -3*f + 6*o. List the prime factors of f.
3, 59
Suppose -20 = 5*q + 5*t, 5*q + 10 = q - 2*t. Let m(n) = 10*n - 2. Let j(i) = 11*i - 2. Let r(k) = -3*j(k) + 2*m(k). List the prime factors of r(q).
3, 5
Suppose 0 = 3*s + s + 2*a + 32, 3*a + 16 = -2*s. Let g = -6 - s. Suppose 60 = 2*h + g*p, 34 = 2*h - p - 14. What are the prime factors of h?
2, 13
Suppose 3*v + 3 = n + 2*n, 6 = 4*n - 2*v. Let g = 1 + n. Suppose -g*d + 6*d = 45. What are the prime factors of d?
3, 5
Suppose 6*f + 426 = 2*v + 2*f, 4*v - f - 824 = 0. Suppose -3*o = n - 144 - 53, n - o - v = 0. List the prime factors of n.
7, 29
Let u be (-3)/(-9) + (-903)/9. List the prime factors of -3 - ((u - 1) + 4).
2, 47
Suppose -9*c = -13*c - 16. Let u be 17 - c*(-4)/8. What are the prime factors of u/4*(-224)/(-21)?
2, 5
Let y(j) = 27*j**2 - 5. Let k be (6/(-9))/(3/(-9)). What are the prime factors of y(k)?
103
Suppose -6*b - 65 = -29. Let q(a) be the first derivative of a**3/3 + 2*a**2 - 4*a - 2. List the prime factors of q(b).
2
Let u(s) be the third derivative of 0 - 2*s**2 + 1/6*s**3 + 1/24*s**4 + 0*s + 1/10*s**5. List the prime factors of u(2).
3
Let a = 3096 + -1715. List the prime factors of a.
1381
Let n be -2 - 5492/(-10) - 22/110. Let k = -261 + n. What are the prime factors of k?
2, 11, 13
Let i(z) = 4*z + 17 + z - 6*z. Suppose -3*w = -m, -3*w - 39 = 5*m - 3. List the prime factors of i(m).
23
Let j(a) = a**3 + 13*a**2 - 12*a + 10. List the prime factors of j(-10).
2, 5, 43
Let h(m) be the first derivative of m**3/3 - 2*m**2 + 6*m + 6. Suppose 5*c + 2*y = 30, -c + 3*c - 12 = 5*y. What are the prime factors of h(c)?
2, 3
Suppose 174 = 2*s - 20. List the prime factors of s.
97
Let y = 4570 - 1946. What are the prime factors of y?
2, 41
Let r(o) = o**2 - 3*o - 13. Let l be r(8). Let t(n) = -25*n**3 + n**2 - 1. Let v be t(-1). Suppose v = 2*g - l. List the prime factors of g.
2, 13
Suppose -2 + 6 = 2*m. What are the prime factors of (-750)/(-11) + m/(-11)?
2, 17
What are the prime factors of ((-24)/(-5))/(21/140*2)?
2
Suppose o = -4*o + 310. Suppose b + b - o = 0. Suppose -2*h + b = 5*t, 0*h = -5*h + t + 64. What are the prime factors of h?
13
Let x(c) = 14*c + 10. Let v be x(10). Suppose -3*p = -3*s - 1803, -v = -p - 5*s + 427. Suppose -p + 202 = -5*g. List the prime factors of g.
79
Suppose 15*x = 13*x + 930. What are the prime factors of x?
3, 5, 31
Let n be 2/(-8) - 27/(-12). Suppose 3*r - 2*r - 11 = -3*m, 0 = n*r + 8. Suppose -3*q = -2*j + 48, 3*j + m*q - 71 = 1. What are the prime factors of j?
2, 3
Let i(o) = 2*o**2 - 2*o + 2. Let m be i(1). Suppose 2*u = -0